(q).
25
Let t(f) = -6880*f - 70 - 6876*f - 6883*f + 20642*f. What is t(23)?
-1
Let y(r) = -55*r - 42*r - 61 + 152*r - 59*r. Calculate y(-19).
15
Let k be (-3)/(16/12 + 32979/(-24714)). Let d(w) = 0*w**2 + 1 + 2743*w + 4*w**2 - 3*w**2 - k*w. What is d(3)?
1
Let a = -6893 + 6889. Let q(r) = -r**3 - 2*r**2 + r - 3. What is q(a)?
25
Let k = -6480 + 6481. Let s(q) = 28*q + 1. Calculate s(k).
29
Let y(z) be the first derivative of -3*z**2/2 - 25*z + 24. Let b be y(-9). Suppose 0*t = -2*t + b. Let n(s) = -s**2 + 1. Determine n(t).
0
Let r(f) = 3*f**2 + 21*f - 35. Let z(v) = -7*v**2 - 43*v + 67. Let x(j) = -5*r(j) - 2*z(j). Calculate x(-20).
21
Suppose 0 = 4*t - 7 - 37. Let k(r) = -3*r**2 - 5*r + 2. Let h(y) = 19*y**2 + 17*y - 12. Let q(j) = h(j) + 6*k(j). Give q(t).
-22
Let o(m) = -1344*m**2 - 1353*m**2 - 1 + 2701*m**2 + 3. What is o(-5)?
102
Let s = 97 + -97. Let p be (-29)/(-2) - 9/(-6). Let n(k) = 6*k + 1 - 1 - p - 5*k + k**2. Calculate n(s).
-16
Let q(l) = -l - 1. Let j be (0/5)/(9 + -4). Let a(c) = -c**2 + 7*c - 4. Let k be a(j). Give q(k).
3
Suppose -231 = -14*w + 7. Let q(h) = h**2 - 4*h - 16. Let o(m) = -3*m**2 + 11*m + 46. Let a(s) = w*q(s) + 6*o(s). Calculate a(-5).
-11
Suppose -14 = 7*k - 21*k. Let o(g) = 0*g**2 - k + 2*g**2 - g**2 + 3*g**2 + g**2. What is o(-1)?
4
Let v(f) = -6*f - 5. Suppose 135 = 2*m - 45. Suppose m - 85 = -s. Give v(s).
25
Let v(i) be the first derivative of -i**4/4 - 5*i**3/3 + 5*i**2/2 + 2*i + 1180. Give v(-7).
65
Let w(v) = v**3 + 2*v**2 - 4*v + 7. Let u(n) = n**2 + 3*n + 2. Let j(x) = -2*u(x) + w(x). What is j(4)?
27
Let j(a) be the third derivative of -a**5/60 + 7*a**4/24 + 4*a**3/3 - a**2. Let r(t) = t**2 - 2975*t - 90144. Let c be r(-30). Calculate j(c).
14
Let o(d) = -2*d**2 - 2*d - 7. Let w be 53*4/(-44) - (-6 - (-612)/99). Determine o(w).
-47
Let h = 20 - 23. Let g = h + 4. Let b be (g - 2)/((-1)/(-4)). Let z(f) = -f. Give z(b).
4
Suppose 3*o - 25 = s, -2*s + 24 = -5*o + 68. Let k(v) = v**2 + 50*v - 341. Give k(o).
-5
Let u(v) be the third derivative of -v**6/120 + 11*v**5/60 - 19*v**4/24 - 4*v**3/3 + 153*v**2 + 3. Determine u(9).
-17
Let q be (-21 - (-1746)/54)/(6/27). Let j(x) = -18*x + 908. What is j(q)?
-10
Let l be ((-2)/4)/(1030/40 + -26 + 0). Let q(o) = 3*o - 3. Let w be q(2). Let i(d) = 0*d + d**2 + w*d - 1 + 2*d**2. What is i(l)?
17
Let w(v) be the second derivative of v**3 - v**2 + 1203*v. Give w(3).
16
Suppose -2*g + 0*g + 10 = 0. Let x = 177 + -176. Let t(k) = -2*k**2 + 3 + 2*k + k**2 + x + 1. Calculate t(g).
-10
Let y(a) = -3*a + 14. Suppose 2*h = 3*o - 0*o + 21, -5*o = 4*h + 13. Suppose -21 = -h*n - 3*f, -4*n + 10 = -4*f - 10. Determine y(n).
-4
Let f(d) = 8 - 33577*d - 33572*d + 5*d**2 + 67181*d. Calculate f(-6).
-4
Let x be (-12)/15 + (-261)/(-45). Suppose 3*t - x*b = 12, 0 = -10*t + 15*t + 5*b - 20. Let y(i) = i**3 - 6*i**2 + 6*i - 6. Calculate y(t).
-14
Let h = -54 - -66. Suppose 0 = h*c - 9*c - 276. Let u(x) = -47 + 2*x + c - 41. Calculate u(-7).
-10
Let f(a) = -a**2 - 17*a - 72. Let w = -4521 + 4515. What is f(w)?
-6
Let i = 127 - 115. Suppose -y + a = -4, 2*y + 0*y - i = 4*a. Let c(p) = -2*p**3 + 3*p**3 - 8*p - y*p**2 - 1 + 5*p - 2*p**3. Calculate c(-2).
5
Suppose -3*q - 2*u = 0, -11*q - 3*u = -6*q. Let o(s) = -1131*s - 1 + 1 + q + 35*s**2 + 1130*s. Determine o(1).
34
Let v(r) be the first derivative of 46 - 3*r**2 + 2*r - 1/3*r**3. Determine v(-7).
-5
Let z(v) = 28*v + 134. Let u(x) = 57*x - 461. Let p be u(8). Determine z(p).
-6
Let g(k) = 14*k + 249. Let u(s) = 9*s + 162. Let z(r) = 5*g(r) - 7*u(r). Determine z(-16).
-1
Let o(j) = -j**2 - 11*j + 41. Let s be ((-13)/(-78))/((-16)/1248). Calculate o(s).
15
Let w(b) = b**2 - 5*b + 10. Let z(a) = -8*a**2 - 43*a - 6. Let h(o) = -7*o**2 - 41*o - 4. Let n(r) = 5*h(r) - 4*z(r). Let d be n(-11). Determine w(d).
6
Let n(s) = 1 - 198*s**2 - 9*s**3 - 197*s**2 + 595*s**2 - 201*s**2 - s. Give n(-1).
10
Let y(s) be the first derivative of s**2 - s + 10. Suppose 4*w = x + 7, 4*w - 13 = -0*w - 5*x. Determine y(w).
3
Let g(b) = -b**2 + 4*b + 152. Let y be g(18). Let l = 97 + y. Let n(c) = 2*c**2 + c**3 + 4*c + 2*c**2 + 2 - 2*c. Give n(l).
5
Suppose c = 2*n - 191, -4*c - c + 5 = 0. Suppose -9*b = -17*b - n. Let x(d) = d**2 + 13*d + 13. Calculate x(b).
1
Let i(d) be the third derivative of d**5/60 + d**4/3 + 3*d**3/2 - 263*d**2 - 3. Calculate i(-6).
-3
Let w(m) be the third derivative of -11*m**4/4 - 62*m**3/3 + 5472*m**2. What is w(-2)?
8
Let y(k) = 18*k. Let p(j) = -22*j + 1. Let f(x) = -4*p(x) - 5*y(x). Suppose 5*c + 4*w + 1 = -1, -2*w = 4*c - 2. Suppose c*n + 1 = -9. Calculate f(n).
6
Let n = -124 + 144. Suppose n = -37*u + 42*u. Let b(y) = -y**3 + 4*y**2 - 3*y + 6. Give b(u).
-6
Suppose -3*h = 8 - 2. Suppose -2*l = -3*w - 151, l - 5*l + 2*w + 314 = 0. Let d(o) = 46*o - l*o + 35*o. What is d(h)?
-2
Let f(r) = r**3 + 2*r**2 - 3*r. Suppose w - 2 = 5. Suppose -12*x = -5*x - w. Suppose 4*n = -x + 9. Give f(n).
10
Let q(g) be the third derivative of -g**6/120 - 2*g**5/15 - g**4/2 - g**3/6 + 2*g**2 - 27*g. Let n be q(-6). Let y(x) = -3*x**3 + 2*x**2 - 1. Give y(n).
4
Let t(z) = 2*z**2 - 75*z - 110. Suppose -d = -11 - 15 - 13. Give t(d).
7
Let i = -121 + 129. Let v be 1 + (-6)/i + 112/64. Let r(u) = -365 + v*u - 4*u + 3*u + 371. What is r(-3)?
3
Suppose -6*q + 99 = 5*q. Let b(s) = -101*s + q*s**2 + 212*s - 111*s - 5 + s**3. What is b(-9)?
-5
Suppose 2*r + 3 = -2*w - 5, r - 5*w - 26 = 0. Let g(d) = -9*d**2 + 7*d**2 - 8*d**2 + 9*d**2 - 35*d + 4*d**3 + 35*d. Calculate g(r).
3
Let z(m) = m**3 + 5 - 6*m**2 + 2*m**2 - 5*m + 3*m. Let b(u) = -5*u**2 + 103*u + 46. Let t = 501 - 480. Let v be b(t). Determine z(v).
-3
Let i(y) = 4*y - 33. Let o = 2997 + -3009. Determine i(o).
-81
Let l be -4 - 3*1280/15. Let z = 260 + l. Let a(y) be the first derivative of -y**3/3 - y**2/2 - 8*y + 1. What is a(z)?
-8
Let l(v) = -v**2 + v - 1. Let h(o) = 7*o**2 + 8*o**3 + 4 - 16*o + 3*o**3 - 10*o**3 - o**2. Let u be h(-8). Give l(u).
-13
Let g(t) = -t**2 - 23*t - 15. Let j(p) = p**3 + 37*p**2 + 237*p + 24. Let f be j(-8). Determine g(f).
97
Let k(w) be the first derivative of -w**4/4 + 25*w**3/3 + 16*w - 483. What is k(25)?
16
Let h(v) be the third derivative of -v**6/90 - v**5/24 - 3*v**4 - v**3/6 - 9*v**2 + v. Let u(l) be the second derivative of h(l). Determine u(-2).
11
Suppose -3*x - 1587 = 3*v, x + 683 = -3*v - 894. Let o = 520 + v. Let a(c) = -c**2 + 1. Let r(d) = -d**2 + 5*d + 5. Let m(t) = -2*a(t) + r(t). Determine m(o).
-1
Let n(y) = y**2 + 2*y + 3. Suppose 3*g = 3*u + 243, -u = 3*g - 138 - 93. Suppose 3*w - g = 237. Let v = -107 + w. What is n(v)?
3
Let m(q) = -8*q + 5. Suppose -18*h = 9*h - 459. Suppose -a = 3*l - h, 3*l + 0*a - a - 7 = 0. Give m(l).
-27
Suppose 0 = 4*i - 3*i. Let n = i + 9. Suppose 5*w - 11 - n = 0. Let s(k) = -k**3 + 3*k**2 + 3*k + 3. Determine s(w).
-1
Let m(h) be the third derivative of 0 + 9/2*h**3 + 1/120*h**5 + h**2 - 1/2*h**4 + 0*h. Let n(r) be the first derivative of m(r). What is n(5)?
-7
Let k(z) = -z**3 - 15*z**2 - z + 17. Let m(n) = -136*n + 1345. Let h be m(10). Give k(h).
32
Let r(s) = -38*s + 13. Let n(f) = -90*f + 29. Let h(k) = -2*n(k) + 5*r(k). What is h(1)?
-3
Let x(y) = -12*y - 751*y**3 + 4 + 752*y**3 + 3*y**2 + 6*y**2 - y**2. Give x(-9).
31
Let z(s) be the third derivative of s**4/24 + s**3 - 1070*s**2. Let h = -11 + 11. Let k(i) = i. Let b be k(h). Give z(b).
6
Let v(k) = -k**2 + 9*k - 10. Suppose -3*b + 84 = 5*i + 35, 3*i + 17 = 4*b. Let d = 1480 + -1467. Let y be -14 + d + (b - 0). Determine v(y).
4
Let m be (2 - (-24)/15)*1*5. Let c = -13 + m. Suppose 30 = c*j + 3*u, -17 = -j + 2*j - 4*u. Let n(w) = w + 1. Give n(j).
4
Let h be (-1)/((105/1400)/((-6)/(-4))). Let f(t) = t**3 + 20*t**2 - 7. What is f(h)?
-7
Let d(b) be the third derivative of b**6/120 + 31*b**5/60 + 5*b**4/4 + 5*b**3/3 + 6*b**2 - 287*b. Calculate d(-30).
10
Let i(a) = a**3 - a + 1. Let u(j) = -6*j**3 - 6*j**2 + j - 6. Let r(t) = 5*i(t) + u(t). Suppose -111*c + 346*c + 111*c + 1038 = 0. Determine r(c).
-16
Let z(f) = -3*f**2 + 4*f + 2. Let o(s) = s**2 - s - 2. Let v(t) = 5*o(t) + z(t). What is v(-3)?
13
Let w(a) = 13*a**3 + 4*a**2 + 5*a - 6. Let q(l) = -36*l**3 - 13*l**2 - 16*l + 18. Let c(s) = -4*q(s) - 11*w(s). What is c(-6)?
12
Let m(k) = -16*k + 8 - 4 + 11. Le